t is the hundreds digit of 5120493?
4
What is the millions digit of 15213514?
5
What is the units digit of 1297495?
5
What is the hundred thousands digit of 2956917?
9
What is the hundreds digit of 463568?
5
What is the thousands digit of 4800260?
0
What is the ten millions digit of 20138328?
2
What is the hundred thousands digit of 106974?
1
What is the tens digit of 6369483?
8
What is the millions digit of 9831618?
9
What is the ten thousands digit of 5556260?
5
What is the units digit of 17778711?
1
What is the hundred thousands digit of 652329?
6
What is the millions digit of 9085570?
9
What is the ten thousands digit of 12370429?
7
What is the units digit of 12319?
9
What is the units digit of 222162?
2
What is the ten thousands digit of 788952?
8
What is the millions digit of 3790625?
3
What is the hundred thousands digit of 1561965?
5
What is the ten millions digit of 12965134?
1
What is the ten thousands digit of 1127517?
2
What is the tens digit of 11320885?
8
What is the tens digit of 434267?
6
What is the ten thousands digit of 183144?
8
What is the hundred thousands digit of 1825437?
8
What is the millions digit of 11287274?
1
What is the hundreds digit of 9722219?
2
What is the millions digit of 32386421?
2
What is the thousands digit of 10698?
0
What is the units digit of 179767?
7
What is the tens digit of 4511939?
3
What is the units digit of 38651?
1
What is the hundred thousands digit of 14097242?
0
What is the thousands digit of 38995?
8
What is the hundreds digit of 17074998?
9
What is the units digit of 379499?
9
What is the thousands digit of 192524?
2
What is the units digit of 1074856?
6
What is the hundreds digit of 397575?
5
What is the ten thousands digit of 13907956?
0
What is the thousands digit of 330091?
0
What is the ten thousands digit of 696284?
9
What is the tens digit of 8681015?
1
What is the thousands digit of 2059035?
9
What is the thousands digit of 1001920?
1
What is the thousands digit of 210191?
0
What is the ten thousands digit of 24239?
2
What is the units digit of 1237418?
8
What is the ten thousands digit of 1185241?
8
What is the ten thousands digit of 300268?
0
What is the thousands digit of 86600?
6
What is the tens digit of 1344425?
2
What is the tens digit of 23425870?
7
What is the ten thousands digit of 471641?
7
What is the tens digit of 2596246?
4
What is the hundreds digit of 381436?
4
What is the hundred thousands digit of 142757?
1
What is the units digit of 20541101?
1
What is the ten thousands digit of 117499?
1
What is the hundreds digit of 479189?
1
What is the units digit of 6378673?
3
What is the tens digit of 2398796?
9
What is the ten thousands digit of 1602228?
0
What is the thousands digit of 2269075?
9
What is the tens digit of 157183?
8
What is the units digit of 2234291?
1
What is the millions digit of 36472149?
6
What is the tens digit of 310359?
5
What is the hundreds digit of 1036444?
4
What is the thousands digit of 143499?
3
What is the units digit of 995871?
1
What is the hundred thousands digit of 657155?
6
What is the tens digit of 5941267?
6
What is the ten thousands digit of 18372803?
7
What is the hundred thousands digit of 699449?
6
What is the ten thousands digit of 97043?
9
What is the hundred thousands digit of 4448050?
4
What is the hundreds digit of 3075581?
5
What is the ten thousands digit of 16573869?
7
What is the thousands digit of 393285?
3
What is the tens digit of 549807?
0
What is the millions digit of 14665704?
4
What is the units digit of 20082?
2
What is the ten thousands digit of 697207?
9
What is the thousands digit of 4937913?
7
What is the ten thousands digit of 190649?
9
What is the tens digit of 2233115?
1
What is the thousands digit of 2463962?
3
What is the millions digit of 2840767?
2
What is the units digit of 781411?
1
What is the units digit of 2427052?
2
What is the millions digit of 7388662?
7
What is the thousands digit of 8673635?
3
What is the hundreds digit of 6597076?
0
What is the hundreds digit of 771630?
6
What is the ten thousands digit of 95204?
9
What is the units digit of 7480604?
4
What is the thousands digit of 126902?
6
What is the ten thousands digit of 1525662?
2
What is the hundred thousands digit of 123955?
1
What is the units digit of 95418?
8
What is the ten millions digit of 25063177?
2
What is the ten thousands digit of 157212?
5
What is the hundreds digit of 1514130?
1
What is the hundreds digit of 7454647?
6
What is the units digit of 1317024?
4
What is the millions digit of 24588020?
4
What is the thousands digit of 14167141?
7
What is the tens digit of 7429451?
5
What is the tens digit of 49484?
8
What is the units digit of 1585588?
8
What is the ten thousands digit of 183344?
8
What is the hundreds digit of 420359?
3
What is the thousands digit of 4412064?
2
What is the ten thousands digit of 645091?
4
What is the ten thousands digit of 398200?
9
What is the ten thousands digit of 3616976?
1
What is the tens digit of 2974627?
2
What is the tens digit of 12800999?
9
What is the hundreds digit of 182885?
8
What is the thousands digit of 1995802?
5
What is the units digit of 4355035?
5
What is the tens digit of 1804887?
8
What is the ten thousands digit of 1202647?
0
What is the thousands digit of 622209?
2
What is the millions digit of 1146999?
1
What is the hundred thousands digit of 2518916?
5
What is the hundred thousands digit of 13526226?
5
What is the thousands digit of 34617?
4
What is the ten millions digit of 14621432?
1
What is the units digit of 31735?
5
What is the thousands digit of 9708870?
8
What is the hundreds digit of 78441?
4
What is the tens digit of 10605190?
9
What is the hundred thousands digit of 849295?
8
What is the units digit of 1021721?
1
What is the tens digit of 83180?
8
What is the hundreds digit of 21863549?
5
What is the tens digit of 8340634?
3
What is the hundred thousands digit of 5466247?
4
What is the units digit of 46597?
7
What is the hundred thousands digit of 325238?
3
What is the thousands digit of 4968181?
8
What is the thousands digit of 5050189?
0
What is the thousands digit of 3464440?
4
What is the units digit of 900747?
7
What is the tens digit of 104086?
8
What is the hundred thousands digit of 374978?
3
What is the ten thousands digit of 357503?
5
What is the hundreds digit of 5338027?
0
What is the hundreds digit of 2841495?
4
What is the tens digit of 4112652?
5
What is the hundred thousands digit of 768590?
7
What is the tens digit of 278681?
8
What is the tens digit of 636369?
6
What is the tens digit of 8800885?
8
What is the tens digit of 23658106?
0
What is the hundred thousands digit of 841548?
8
What is the thousands digit of 489432?
9
What is the thousands digit of 309802?
9
What is the hundreds digit of 977672?
6
What is the units digit of 12257480?
0
What is the ten thousands digit of 362823?
6
What is the units digit of 8818899?
9
What is the hundreds digit of 11436682?
6
What is the thousands digit of 9413084?
3
What is the hundred thousands digit of 533451?
5
What is the ten thousands digit of 16882769?
8
What is the tens digit of 98785?
8
What is the hundreds digit of 1774061?
0
What is the ten thousands digit of 927223?
2
What is the thousands digit of 268389?
8
What is the hundred thousands digit of 3996133?
9
What is the hundreds digit of 891788?
7
What is the hundred thousands digit of 543681?
5
What is the hundred thousands digit of 217998?
2
What is the thousands digit of 1340045?
0
What is the units digit of 48177?
7
What is the tens digit of 7253661?
6
What is the tens digit of 176860?
6
What is the units digit of 157159?
9
What is the hundreds digit of 7018983?
9
What is the hundreds digit of 491569?
5
What is the units digit of 383959?
9
What is the millions digit of 21350270?
1
What is the hundreds digit of 20288910?
9
What is the thousands digit of 53751?
3
What is the tens digit of 3993502?
0
What is the units digit of 9180829?
9
What is the hundreds digit of 854855?
8
What is the tens digit of 16000?
0
What is the ten thousands digit of 397035?
9
What is the tens digit of 119161?
6
What is the tens digit of 946314?
1
What is the tens digit of 362931?
3
What is the thousands digit of 4330805?
0
What is the hundreds digit